{"id":2,"date":"2013-10-08T21:43:14","date_gmt":"2013-10-08T21:43:14","guid":{"rendered":"http:\/\/dariuszcieslak.pl\/?page_id=2"},"modified":"2026-04-19T10:43:48","modified_gmt":"2026-04-19T08:43:48","slug":"przykladowa-strona","status":"publish","type":"page","link":"https:\/\/dariuszcieslak.pl\/?page_id=2","title":{"rendered":"Moje CV"},"content":{"rendered":"<p><strong>Dariusz Cie\u015blak<\/strong> \u2013 ur. 21.02.1989 r. w \u0141asku. Samorz\u0105dowiec, radny Rady Gminy S\u0119dziejowice w kadencji 2010-2014 oraz kadencji 2014-2018 w kt\u00f3rej pe\u0142ni\u0142 r\u00f3wnie\u017c funkcj\u0119 przewodnicz\u0105cego rady. Od 2018 roku w\u00f3jt gminy S\u0119dziejowice.<\/p>\n<p><strong>Wykszta\u0142cenie:<\/strong> Absolwent Uniwersytetu \u0142\u00f3dzkiego na studiach I i II stopnia \u2013 kierunek: Polityka Spo\u0142eczna (specjalizacja polityczno-prawna) oraz II stopnia \u00a0na kierunku Zarz\u0105dzanie. <span style=\"font-size: revert;\">Absolwent Szko\u0142y Lider\u00f3w Polsko-Ameryka\u0144skiej Fundacji Wolno\u015bci (PAFW) oraz Pracowni <\/span>Samorz\u0105dowej zorganizowanej przez Fundacj\u0119 Batorego.<\/p>\n<p><strong>Dzia\u0142alno\u015b\u0107 polityczna oraz spo\u0142eczna:<\/strong><\/p>\n<ul style=\"list-style-type: square;\">\n<li>W\u00f3jt Gminy S\u0119dziejowice (nieprzerwanie od 2018 roku)<\/li>\n<li><strong>Radny Rady Gminy S\u0119dziejowice<\/strong> w kadencji 2010-2014 oraz 2014-2018.<\/li>\n<li>Od grudnia 2012 do 2018 roku pracownik <strong>Starostwa Powiatowego w \u0141asku<\/strong> odpowiedzialny za promocj\u0119, kultur\u0119 oraz fundusze europejskie (aktualny urlopowany na czas pe\u0142nienia funkcji w\u00f3jta);<\/li>\n<li>Doradca Ministra Obrony Narodowej ds. samorz\u0105du terytorialnego (od 2023 roku);<\/li>\n<li>Inicjator i Lider Regionu w projekcie<strong> \u201eSzlachetna Paczka\u201d<\/strong> na terenie powiatu \u0142askiego.<\/li>\n<li>Prezes Zarz\u0105du Powiatowego Polskiego Stronnictwa w \u0141asku, Sekretarz Zarz\u0105du Wojew\u00f3dzkiego PSL w \u0141odzi oraz cz\u0142onek Rady Naczelnej PSL;<\/li>\n<li>Tw\u00f3rca pierwszej w regionie <strong>so\u0142eckiej strony internetowej<\/strong>;<\/li>\n<li>Wsp\u00f3\u0142tw\u00f3rca <strong>gminnych projekt\u00f3w internetowyc<\/strong>h (oficjalna strona gminy, blog informacyjny, forum internetowe);<\/li>\n<li>Systematycznie wsp\u00f3\u0142pracuj\u0119 z jednostkami OSP, Gminnym O\u015brodkiem Kultury, \u00a0Gminn\u0105 Bibliotek\u0105 Publiczn\u0105 oraz innymi organizacjami pozarz\u0105dowymi. Jestem jednym z wsp\u00f3\u0142za\u0142o\u017cycieli m.in. Stowarzyszenia &#8222;S\u0119dziejowice na Plus&#8221; oraz Gminnego Klubu Sportowego S\u0119dziejowice;<\/li>\n<li>Jeden z za\u0142o\u017cycieli i pierwszy prezes <strong>Studenckiego Ko\u0142a Naukowego Polityki Spo\u0142ecznej &#8222;DESIDERIUM&#8221;<\/strong> na Uniwersytecie \u0141\u00f3dzkim.<\/li>\n<li>Cz\u0142onek <strong>Polskiego Towarzystwa Nauk o Bezpiecze\u0144stwie<\/strong> oraz <strong>Polskiego Towarzystwa Socjologicznego<\/strong>.<\/li>\n<\/ul>\n<p><strong>Uko\u0144czone kursy i szkolenia:<\/strong><\/p>\n<ul>\n<li>S\u0142u\u017cba przygotowawcza &#8211; pracownik samorz\u0105dowy<\/li>\n<li>Zasady aplikowania o \u015brodki unijne w ramach Regionalnego Programu Operacyjnego Wojew\u00f3dztwa \u0141\u00f3dzkiego 2007-2013<\/li>\n<li>Formu\u0142owanie i realizacja strategii promocji jednostek samorz\u0105du terytorialnego<\/li>\n<li>Obr\u00f3bka grafiki rastrowej i fotografii cyfrowej<\/li>\n<li>Komunikacja marketingowa i public relations<\/li>\n<li>Co to jest e-biznes<\/li>\n<li>Jak pu\u015bci\u0107 w ruch kampani\u0119 wirusow\u0105?<\/li>\n<li>Social Media Marketing<\/li>\n<\/ul>\n<p><strong>Zainteresowania:<\/strong> Nauki o bezpiecze\u0144stwie, Historia, Sport (pi\u0142ka no\u017cna oraz koszyk\u00f3wka), Muzyka, Marketing (Public Relations oraz Social Media).<\/p>\n","protected":false},"excerpt":{"rendered":"<p>Dariusz Cie\u015blak \u2013 ur. 21.02.1989 r. w \u0141asku. Samorz\u0105dowiec, radny Rady Gminy S\u0119dziejowice w kadencji 2010-2014 oraz kadencji 2014-2018 w kt\u00f3rej pe\u0142ni\u0142 r\u00f3wnie\u017c funkcj\u0119 przewodnicz\u0105cego rady&#8230;.<\/p>\n","protected":false},"author":1,"featured_media":0,"parent":0,"menu_order":0,"comment_status":"open","ping_status":"open","template":"","meta":{"footnotes":""},"class_list":["post-2","page","type-page","status-publish","hentry","clearfix"],"jetpack_sharing_enabled":true,"_links":{"self":[{"href":"https:\/\/dariuszcieslak.pl\/index.php?rest_route=\/wp\/v2\/pages\/2","targetHints":{"allow":["GET"]}}],"collection":[{"href":"https:\/\/dariuszcieslak.pl\/index.php?rest_route=\/wp\/v2\/pages"}],"about":[{"href":"https:\/\/dariuszcieslak.pl\/index.php?rest_route=\/wp\/v2\/types\/page"}],"author":[{"embeddable":true,"href":"https:\/\/dariuszcieslak.pl\/index.php?rest_route=\/wp\/v2\/users\/1"}],"replies":[{"embeddable":true,"href":"https:\/\/dariuszcieslak.pl\/index.php?rest_route=%2Fwp%2Fv2%2Fcomments&post=2"}],"version-history":[{"count":7,"href":"https:\/\/dariuszcieslak.pl\/index.php?rest_route=\/wp\/v2\/pages\/2\/revisions"}],"predecessor-version":[{"id":3740,"href":"https:\/\/dariuszcieslak.pl\/index.php?rest_route=\/wp\/v2\/pages\/2\/revisions\/3740"}],"wp:attachment":[{"href":"https:\/\/dariuszcieslak.pl\/index.php?rest_route=%2Fwp%2Fv2%2Fmedia&parent=2"}],"curies":[{"name":"wp","href":"https:\/\/api.w.org\/{rel}","templated":true}]}}